{"id":563,"date":"2020-08-29T16:38:30","date_gmt":"2020-08-29T16:38:30","guid":{"rendered":"https:\/\/nicopre.es\/blog\/?page_id=563"},"modified":"2020-08-29T16:38:30","modified_gmt":"2020-08-29T16:38:30","slug":"aviso-legal","status":"publish","type":"page","link":"https:\/\/xn--nicols-tta.es\/wordpress\/multisite\/temas\/itnicolas\/aviso-legal\/","title":{"rendered":"Aviso legal"},"content":{"rendered":"\t\t<div data-elementor-type=\"wp-page\" data-elementor-id=\"563\" class=\"elementor elementor-563\">\n\t\t\t\t\t\t<section class=\"elementor-section elementor-top-section elementor-element elementor-element-1fb7d57 elementor-section-boxed elementor-section-height-default elementor-section-height-default\" data-id=\"1fb7d57\" data-element_type=\"section\" data-e-type=\"section\">\n\t\t\t\t\t\t<div class=\"elementor-container elementor-column-gap-default\">\n\t\t\t\t\t<div class=\"elementor-column elementor-col-100 elementor-top-column elementor-element elementor-element-eb8b785\" data-id=\"eb8b785\" data-element_type=\"column\" data-e-type=\"column\">\n\t\t\t<div class=\"elementor-widget-wrap elementor-element-populated\">\n\t\t\t\t\t\t<div class=\"elementor-element elementor-element-45296b6 elementor-widget elementor-widget-heading\" data-id=\"45296b6\" data-element_type=\"widget\" data-e-type=\"widget\" data-widget_type=\"heading.default\">\n\t\t\t\t<div class=\"elementor-widget-container\">\n\t\t\t\t\t<h2 class=\"elementor-heading-title elementor-size-default\">Aviso legal <\/h2>\t\t\t\t<\/div>\n\t\t\t\t<\/div>\n\t\t\t\t<div class=\"elementor-element elementor-element-57a2bf4 elementor-widget elementor-widget-heading\" data-id=\"57a2bf4\" data-element_type=\"widget\" data-e-type=\"widget\" data-widget_type=\"heading.default\">\n\t\t\t\t<div class=\"elementor-widget-container\">\n\t\t\t\t\t<span class=\"elementor-heading-title elementor-size-small\">Datos del Responsable\nNicol\u00e1s O\u00f1ate Madrid  (en adelante https:\/\/nicol\u00e1s.es)\n\nNIF : 52754993P\n\nDomicilio Social:\n\nAvenida del maresme 411 MATARO 08301 (Barcelona).\n\nContacto: nicolas@nicol\u00e1s.es \/ Tlf:666 31 51 52\n\nPol\u00edtica de Privacidad\nEn este espacio, el usuario, podr\u00e1 encontrar toda la informaci\u00f3n relativa a los t\u00e9rminos y condiciones legales que definen las relaciones entre los usuarios y yo como responsable de esta web. Como usuario, es importante que conozcas estos t\u00e9rminos antes de continuar tu navegaci\u00f3n.\nwww.nicol\u00e1s.es (O\u00f1ate Madrid Nicol\u00e1s) como responsable de esta web, asumo el compromiso de procesar la informaci\u00f3n de mis usuarios y clientes con plenas garant\u00edas y cumplir con los requisitos nacionales y europeos que regulan la recopilaci\u00f3n y uso de los datos personales de mis usuarios.\n\nTu privacidad es importante para mi. En esta declaraci\u00f3n de privacidad te explico qu\u00e9 datos personales recopilo de mis usuarios y c\u00f3mo los utilizo. Te animo a leer detenidamente estos t\u00e9rminos antes de facilitar tus datos personales en esta web.\n\nEn esta web se respetan y cuidan los datos personales de los usuarios. Como usuario debes saber que tus derechos est\u00e1n garantizados.\n\nEs preciso advertir que esta Pol\u00edtica de Privacidad podr\u00eda variar en funci\u00f3n de exigencias legislativas o de autorregulaci\u00f3n, por lo que se aconseja a los usuarios que la visiten peri\u00f3dicamente. Ser\u00e1 aplicable en caso de que los usuarios decidan rellenar alg\u00fan formulario de cualquiera de sus formularios de contacto donde se recaben datos de car\u00e1cter personal.\nNicol\u00e1s O\u00f1ate Madrid (y la web www.nicol\u00e1s.es)  ha adecuado esta web a las exigencias de la Ley Org\u00e1nica 15\/1999, de 13 de diciembre, de Protecci\u00f3n de Datos de Car\u00e1cter Personal (LOPD), y al Real Decreto 1720\/2007, de 21 de diciembre, conocido como el Reglamento de desarrollo de la LOPD. Cumple tambi\u00e9n con el Reglamento (UE) 2016\/679 del Parlamento Europeo y del Consejo de 27 de abril de 2016 relativo a la protecci\u00f3n de las personas f\u00edsicas (RGPD), as\u00ed como con la Ley 34\/2002, de 11 de julio, de Servicios de la Sociedad de la Informaci\u00f3n y Comercio Electr\u00f3nico (LSSICE o LSSI).\n\nContacto\nEn caso de que cualquier usuario tuviese alguna duda acerca de estas Condiciones legales o cualquier comentario sobre el portal https:\/\/nicol\u00e1s.es, por favor dir\u00edjase a:\n\nNicol\u00e1s O\u00f1ate Madrid Email: nicolas@nicol\u00e1s.es.\n\nEl aviso legal han sido actualizadas por \u00faltima vez el 24-05-2020.<\/span>\t\t\t\t<\/div>\n\t\t\t\t<\/div>\n\t\t\t\t\t<\/div>\n\t\t<\/div>\n\t\t\t\t\t<\/div>\n\t\t<\/section>\n\t\t\t\t<section class=\"elementor-section elementor-top-section elementor-element elementor-element-426ef32 elementor-section-boxed elementor-section-height-default elementor-section-height-default\" data-id=\"426ef32\" data-element_type=\"section\" data-e-type=\"section\">\n\t\t\t\t\t\t<div class=\"elementor-container elementor-column-gap-default\">\n\t\t\t\t\t<div class=\"elementor-column elementor-col-100 elementor-top-column elementor-element elementor-element-5d29f32\" data-id=\"5d29f32\" data-element_type=\"column\" data-e-type=\"column\">\n\t\t\t<div class=\"elementor-widget-wrap elementor-element-populated\">\n\t\t\t\t\t\t<div class=\"elementor-element elementor-element-cf4cb16 elementor-widget elementor-widget-spacer\" data-id=\"cf4cb16\" data-element_type=\"widget\" data-e-type=\"widget\" data-widget_type=\"spacer.default\">\n\t\t\t\t<div class=\"elementor-widget-container\">\n\t\t\t\t\t\t\t<div class=\"elementor-spacer\">\n\t\t\t<div class=\"elementor-spacer-inner\"><\/div>\n\t\t<\/div>\n\t\t\t\t\t\t<\/div>\n\t\t\t\t<\/div>\n\t\t\t\t\t<\/div>\n\t\t<\/div>\n\t\t\t\t\t<\/div>\n\t\t<\/section>\n\t\t\t\t<section class=\"elementor-section elementor-top-section elementor-element elementor-element-43d6ef7 elementor-section-boxed elementor-section-height-default elementor-section-height-default\" data-id=\"43d6ef7\" data-element_type=\"section\" data-e-type=\"section\">\n\t\t\t\t\t\t<div class=\"elementor-container elementor-column-gap-default\">\n\t\t\t\t\t<div class=\"elementor-column elementor-col-33 elementor-top-column elementor-element elementor-element-4552ce8\" data-id=\"4552ce8\" data-element_type=\"column\" data-e-type=\"column\">\n\t\t\t<div class=\"elementor-widget-wrap elementor-element-populated\">\n\t\t\t\t\t\t<div class=\"elementor-element elementor-element-b633e78 elementor-align-center elementor-widget elementor-widget-button\" data-id=\"b633e78\" data-element_type=\"widget\" data-e-type=\"widget\" data-widget_type=\"button.default\">\n\t\t\t\t<div class=\"elementor-widget-container\">\n\t\t\t\t\t\t\t\t\t<div class=\"elementor-button-wrapper\">\n\t\t\t\t\t<a class=\"elementor-button elementor-button-link elementor-size-sm\" href=\"https:\/\/nicol\u00e1s.es\/terminos-y-condiciones\/\">\n\t\t\t\t\t\t<span class=\"elementor-button-content-wrapper\">\n\t\t\t\t\t\t\t\t\t<span class=\"elementor-button-text\">Terminos y condiciones<\/span>\n\t\t\t\t\t<\/span>\n\t\t\t\t\t<\/a>\n\t\t\t\t<\/div>\n\t\t\t\t\t\t\t\t<\/div>\n\t\t\t\t<\/div>\n\t\t\t\t\t<\/div>\n\t\t<\/div>\n\t\t\t\t<div class=\"elementor-column elementor-col-33 elementor-top-column elementor-element elementor-element-c040002\" data-id=\"c040002\" data-element_type=\"column\" data-e-type=\"column\">\n\t\t\t<div class=\"elementor-widget-wrap elementor-element-populated\">\n\t\t\t\t\t\t<div class=\"elementor-element elementor-element-eb93440 elementor-align-center elementor-widget elementor-widget-button\" data-id=\"eb93440\" data-element_type=\"widget\" data-e-type=\"widget\" data-widget_type=\"button.default\">\n\t\t\t\t<div class=\"elementor-widget-container\">\n\t\t\t\t\t\t\t\t\t<div class=\"elementor-button-wrapper\">\n\t\t\t\t\t<a class=\"elementor-button elementor-button-link elementor-size-sm\" href=\"https:\/\/nicol\u00e1s.es\/politica-de-privacidad\/\">\n\t\t\t\t\t\t<span class=\"elementor-button-content-wrapper\">\n\t\t\t\t\t\t\t\t\t<span class=\"elementor-button-text\">\u00a0Pol\u00edtica de privacidad<\/span>\n\t\t\t\t\t<\/span>\n\t\t\t\t\t<\/a>\n\t\t\t\t<\/div>\n\t\t\t\t\t\t\t\t<\/div>\n\t\t\t\t<\/div>\n\t\t\t\t\t<\/div>\n\t\t<\/div>\n\t\t\t\t<div class=\"elementor-column elementor-col-33 elementor-top-column elementor-element elementor-element-a37a0d0\" data-id=\"a37a0d0\" data-element_type=\"column\" data-e-type=\"column\">\n\t\t\t<div class=\"elementor-widget-wrap elementor-element-populated\">\n\t\t\t\t\t\t<div class=\"elementor-element elementor-element-1f2a356 elementor-align-center elementor-widget elementor-widget-button\" data-id=\"1f2a356\" data-element_type=\"widget\" data-e-type=\"widget\" data-widget_type=\"button.default\">\n\t\t\t\t<div class=\"elementor-widget-container\">\n\t\t\t\t\t\t\t\t\t<div class=\"elementor-button-wrapper\">\n\t\t\t\t\t<a class=\"elementor-button elementor-button-link elementor-size-sm\" href=\"https:\/\/nicol\u00e1s.es\/politica-de-cookies-ue\/\">\n\t\t\t\t\t\t<span class=\"elementor-button-content-wrapper\">\n\t\t\t\t\t\t\t\t\t<span class=\"elementor-button-text\">Politica de cookies<\/span>\n\t\t\t\t\t<\/span>\n\t\t\t\t\t<\/a>\n\t\t\t\t<\/div>\n\t\t\t\t\t\t\t\t<\/div>\n\t\t\t\t<\/div>\n\t\t\t\t\t<\/div>\n\t\t<\/div>\n\t\t\t\t\t<\/div>\n\t\t<\/section>\n\t\t\t\t<\/div>\n\t\t","protected":false},"excerpt":{"rendered":"<p>Aviso legal Datos del Responsable Nicol\u00e1s O\u00f1ate Madrid (en adelante https:\/\/nicol\u00e1s.es) NIF : 52754993P Domicilio Social: Avenida del maresme 411 MATARO 08301 (Barcelona). Contacto: nicolas@nicol\u00e1s.es \/ Tlf:666 31 51 52 Pol\u00edtica de Privacidad En este espacio, el usuario, podr\u00e1 encontrar toda la informaci\u00f3n relativa a los t\u00e9rminos y condiciones legales que definen las relaciones entre [&hellip;]<\/p>\n","protected":false},"author":1,"featured_media":6683,"parent":0,"menu_order":0,"comment_status":"closed","ping_status":"closed","template":"templates\/template-page-full-width.php","meta":{"footnotes":""},"class_list":["post-563","page","type-page","status-publish","has-post-thumbnail","hentry"],"yoast_head":"<!-- This site is optimized with the Yoast SEO plugin v27.4 - https:\/\/yoast.com\/product\/yoast-seo-wordpress\/ -->\n<title>Aviso legal - ITNicol\u00e1s<\/title>\n<meta name=\"robots\" content=\"index, follow, max-snippet:-1, max-image-preview:large, max-video-preview:-1\" \/>\n<link rel=\"canonical\" href=\"https:\/\/xn--nicols-tta.es\/wordpress\/multisite\/temas\/itnicolas\/aviso-legal\/\" \/>\n<meta property=\"og:locale\" content=\"es_ES\" \/>\n<meta property=\"og:type\" content=\"article\" \/>\n<meta property=\"og:title\" content=\"Aviso legal - ITNicol\u00e1s\" \/>\n<meta property=\"og:description\" content=\"Aviso legal Datos del Responsable Nicol\u00e1s O\u00f1ate Madrid (en adelante https:\/\/nicol\u00e1s.es) NIF : 52754993P Domicilio Social: Avenida del maresme 411 MATARO 08301 (Barcelona). Contacto: nicolas@nicol\u00e1s.es \/ Tlf:666 31 51 52 Pol\u00edtica de Privacidad En este espacio, el usuario, podr\u00e1 encontrar toda la informaci\u00f3n relativa a los t\u00e9rminos y condiciones legales que definen las relaciones entre [&hellip;]\" \/>\n<meta property=\"og:url\" content=\"https:\/\/xn--nicols-tta.es\/wordpress\/multisite\/temas\/itnicolas\/aviso-legal\/\" \/>\n<meta property=\"og:site_name\" content=\"ITNicol\u00e1s\" \/>\n<meta property=\"og:image\" content=\"https:\/\/xn--nicols-tta.es\/wordpress\/multisite\/temas\/itnicolas\/wp-content\/uploads\/sites\/6\/2020\/12\/07_aviso_legal_maria.jpg\" \/>\n\t<meta property=\"og:image:width\" content=\"1367\" \/>\n\t<meta property=\"og:image:height\" content=\"774\" \/>\n\t<meta property=\"og:image:type\" content=\"image\/jpeg\" \/>\n<meta name=\"twitter:card\" content=\"summary_large_image\" \/>\n<meta name=\"twitter:label1\" content=\"Tiempo de lectura\" \/>\n\t<meta name=\"twitter:data1\" content=\"2 minutos\" \/>\n<script type=\"application\/ld+json\" class=\"yoast-schema-graph\">{\"@context\":\"https:\\\/\\\/schema.org\",\"@graph\":[{\"@type\":\"WebPage\",\"@id\":\"https:\\\/\\\/xn--nicols-tta.es\\\/wordpress\\\/multisite\\\/temas\\\/itnicolas\\\/aviso-legal\\\/\",\"url\":\"https:\\\/\\\/xn--nicols-tta.es\\\/wordpress\\\/multisite\\\/temas\\\/itnicolas\\\/aviso-legal\\\/\",\"name\":\"Aviso legal - ITNicol\u00e1s\",\"isPartOf\":{\"@id\":\"https:\\\/\\\/xn--nicols-tta.es\\\/wordpress\\\/multisite\\\/temas\\\/itnicolas\\\/#website\"},\"primaryImageOfPage\":{\"@id\":\"https:\\\/\\\/xn--nicols-tta.es\\\/wordpress\\\/multisite\\\/temas\\\/itnicolas\\\/aviso-legal\\\/#primaryimage\"},\"image\":{\"@id\":\"https:\\\/\\\/xn--nicols-tta.es\\\/wordpress\\\/multisite\\\/temas\\\/itnicolas\\\/aviso-legal\\\/#primaryimage\"},\"thumbnailUrl\":\"https:\\\/\\\/xn--nicols-tta.es\\\/wordpress\\\/multisite\\\/temas\\\/itnicolas\\\/wp-content\\\/uploads\\\/sites\\\/6\\\/2020\\\/12\\\/07_aviso_legal_maria.jpg\",\"datePublished\":\"2020-08-29T16:38:30+00:00\",\"breadcrumb\":{\"@id\":\"https:\\\/\\\/xn--nicols-tta.es\\\/wordpress\\\/multisite\\\/temas\\\/itnicolas\\\/aviso-legal\\\/#breadcrumb\"},\"inLanguage\":\"es\",\"potentialAction\":[{\"@type\":\"ReadAction\",\"target\":[\"https:\\\/\\\/xn--nicols-tta.es\\\/wordpress\\\/multisite\\\/temas\\\/itnicolas\\\/aviso-legal\\\/\"]}]},{\"@type\":\"ImageObject\",\"inLanguage\":\"es\",\"@id\":\"https:\\\/\\\/xn--nicols-tta.es\\\/wordpress\\\/multisite\\\/temas\\\/itnicolas\\\/aviso-legal\\\/#primaryimage\",\"url\":\"https:\\\/\\\/xn--nicols-tta.es\\\/wordpress\\\/multisite\\\/temas\\\/itnicolas\\\/wp-content\\\/uploads\\\/sites\\\/6\\\/2020\\\/12\\\/07_aviso_legal_maria.jpg\",\"contentUrl\":\"https:\\\/\\\/xn--nicols-tta.es\\\/wordpress\\\/multisite\\\/temas\\\/itnicolas\\\/wp-content\\\/uploads\\\/sites\\\/6\\\/2020\\\/12\\\/07_aviso_legal_maria.jpg\",\"width\":1367,\"height\":774},{\"@type\":\"BreadcrumbList\",\"@id\":\"https:\\\/\\\/xn--nicols-tta.es\\\/wordpress\\\/multisite\\\/temas\\\/itnicolas\\\/aviso-legal\\\/#breadcrumb\",\"itemListElement\":[{\"@type\":\"ListItem\",\"position\":1,\"name\":\"Portada\",\"item\":\"https:\\\/\\\/xn--nicols-tta.es\\\/wordpress\\\/multisite\\\/temas\\\/itnicolas\\\/\"},{\"@type\":\"ListItem\",\"position\":2,\"name\":\"Aviso legal\"}]},{\"@type\":\"WebSite\",\"@id\":\"https:\\\/\\\/xn--nicols-tta.es\\\/wordpress\\\/multisite\\\/temas\\\/itnicolas\\\/#website\",\"url\":\"https:\\\/\\\/xn--nicols-tta.es\\\/wordpress\\\/multisite\\\/temas\\\/itnicolas\\\/\",\"name\":\"ITNicol\u00e1s\",\"description\":\"Desarrollo Web y M\u00e1s...\",\"potentialAction\":[{\"@type\":\"SearchAction\",\"target\":{\"@type\":\"EntryPoint\",\"urlTemplate\":\"https:\\\/\\\/xn--nicols-tta.es\\\/wordpress\\\/multisite\\\/temas\\\/itnicolas\\\/?s={search_term_string}\"},\"query-input\":{\"@type\":\"PropertyValueSpecification\",\"valueRequired\":true,\"valueName\":\"search_term_string\"}}],\"inLanguage\":\"es\"}]}<\/script>\n<!-- \/ Yoast SEO plugin. -->","yoast_head_json":{"title":"Aviso legal - ITNicol\u00e1s","robots":{"index":"index","follow":"follow","max-snippet":"max-snippet:-1","max-image-preview":"max-image-preview:large","max-video-preview":"max-video-preview:-1"},"canonical":"https:\/\/xn--nicols-tta.es\/wordpress\/multisite\/temas\/itnicolas\/aviso-legal\/","og_locale":"es_ES","og_type":"article","og_title":"Aviso legal - ITNicol\u00e1s","og_description":"Aviso legal Datos del Responsable Nicol\u00e1s O\u00f1ate Madrid (en adelante https:\/\/nicol\u00e1s.es) NIF : 52754993P Domicilio Social: Avenida del maresme 411 MATARO 08301 (Barcelona). Contacto: nicolas@nicol\u00e1s.es \/ Tlf:666 31 51 52 Pol\u00edtica de Privacidad En este espacio, el usuario, podr\u00e1 encontrar toda la informaci\u00f3n relativa a los t\u00e9rminos y condiciones legales que definen las relaciones entre [&hellip;]","og_url":"https:\/\/xn--nicols-tta.es\/wordpress\/multisite\/temas\/itnicolas\/aviso-legal\/","og_site_name":"ITNicol\u00e1s","og_image":[{"width":1367,"height":774,"url":"https:\/\/xn--nicols-tta.es\/wordpress\/multisite\/temas\/itnicolas\/wp-content\/uploads\/sites\/6\/2020\/12\/07_aviso_legal_maria.jpg","type":"image\/jpeg"}],"twitter_card":"summary_large_image","twitter_misc":{"Tiempo de lectura":"2 minutos"},"schema":{"@context":"https:\/\/schema.org","@graph":[{"@type":"WebPage","@id":"https:\/\/xn--nicols-tta.es\/wordpress\/multisite\/temas\/itnicolas\/aviso-legal\/","url":"https:\/\/xn--nicols-tta.es\/wordpress\/multisite\/temas\/itnicolas\/aviso-legal\/","name":"Aviso legal - ITNicol\u00e1s","isPartOf":{"@id":"https:\/\/xn--nicols-tta.es\/wordpress\/multisite\/temas\/itnicolas\/#website"},"primaryImageOfPage":{"@id":"https:\/\/xn--nicols-tta.es\/wordpress\/multisite\/temas\/itnicolas\/aviso-legal\/#primaryimage"},"image":{"@id":"https:\/\/xn--nicols-tta.es\/wordpress\/multisite\/temas\/itnicolas\/aviso-legal\/#primaryimage"},"thumbnailUrl":"https:\/\/xn--nicols-tta.es\/wordpress\/multisite\/temas\/itnicolas\/wp-content\/uploads\/sites\/6\/2020\/12\/07_aviso_legal_maria.jpg","datePublished":"2020-08-29T16:38:30+00:00","breadcrumb":{"@id":"https:\/\/xn--nicols-tta.es\/wordpress\/multisite\/temas\/itnicolas\/aviso-legal\/#breadcrumb"},"inLanguage":"es","potentialAction":[{"@type":"ReadAction","target":["https:\/\/xn--nicols-tta.es\/wordpress\/multisite\/temas\/itnicolas\/aviso-legal\/"]}]},{"@type":"ImageObject","inLanguage":"es","@id":"https:\/\/xn--nicols-tta.es\/wordpress\/multisite\/temas\/itnicolas\/aviso-legal\/#primaryimage","url":"https:\/\/xn--nicols-tta.es\/wordpress\/multisite\/temas\/itnicolas\/wp-content\/uploads\/sites\/6\/2020\/12\/07_aviso_legal_maria.jpg","contentUrl":"https:\/\/xn--nicols-tta.es\/wordpress\/multisite\/temas\/itnicolas\/wp-content\/uploads\/sites\/6\/2020\/12\/07_aviso_legal_maria.jpg","width":1367,"height":774},{"@type":"BreadcrumbList","@id":"https:\/\/xn--nicols-tta.es\/wordpress\/multisite\/temas\/itnicolas\/aviso-legal\/#breadcrumb","itemListElement":[{"@type":"ListItem","position":1,"name":"Portada","item":"https:\/\/xn--nicols-tta.es\/wordpress\/multisite\/temas\/itnicolas\/"},{"@type":"ListItem","position":2,"name":"Aviso legal"}]},{"@type":"WebSite","@id":"https:\/\/xn--nicols-tta.es\/wordpress\/multisite\/temas\/itnicolas\/#website","url":"https:\/\/xn--nicols-tta.es\/wordpress\/multisite\/temas\/itnicolas\/","name":"ITNicol\u00e1s","description":"Desarrollo Web y M\u00e1s...","potentialAction":[{"@type":"SearchAction","target":{"@type":"EntryPoint","urlTemplate":"https:\/\/xn--nicols-tta.es\/wordpress\/multisite\/temas\/itnicolas\/?s={search_term_string}"},"query-input":{"@type":"PropertyValueSpecification","valueRequired":true,"valueName":"search_term_string"}}],"inLanguage":"es"}]}},"_links":{"self":[{"href":"https:\/\/xn--nicols-tta.es\/wordpress\/multisite\/temas\/itnicolas\/wp-json\/wp\/v2\/pages\/563","targetHints":{"allow":["GET"]}}],"collection":[{"href":"https:\/\/xn--nicols-tta.es\/wordpress\/multisite\/temas\/itnicolas\/wp-json\/wp\/v2\/pages"}],"about":[{"href":"https:\/\/xn--nicols-tta.es\/wordpress\/multisite\/temas\/itnicolas\/wp-json\/wp\/v2\/types\/page"}],"author":[{"embeddable":true,"href":"https:\/\/xn--nicols-tta.es\/wordpress\/multisite\/temas\/itnicolas\/wp-json\/wp\/v2\/users\/1"}],"replies":[{"embeddable":true,"href":"https:\/\/xn--nicols-tta.es\/wordpress\/multisite\/temas\/itnicolas\/wp-json\/wp\/v2\/comments?post=563"}],"version-history":[{"count":0,"href":"https:\/\/xn--nicols-tta.es\/wordpress\/multisite\/temas\/itnicolas\/wp-json\/wp\/v2\/pages\/563\/revisions"}],"wp:featuredmedia":[{"embeddable":true,"href":"https:\/\/xn--nicols-tta.es\/wordpress\/multisite\/temas\/itnicolas\/wp-json\/wp\/v2\/media\/6683"}],"wp:attachment":[{"href":"https:\/\/xn--nicols-tta.es\/wordpress\/multisite\/temas\/itnicolas\/wp-json\/wp\/v2\/media?parent=563"}],"curies":[{"name":"wp","href":"https:\/\/api.w.org\/{rel}","templated":true}]}}