{"id":12500,"date":"2023-10-12T23:51:54","date_gmt":"2023-10-12T21:51:54","guid":{"rendered":"https:\/\/xn--nicols-tta.es\/temas_y_plugins\/nicopre\/\/?post_type=product&#038;p=12500"},"modified":"2023-10-13T00:00:53","modified_gmt":"2023-10-12T22:00:53","slug":"relojes-inteligentes-para-publicidad","status":"publish","type":"product","link":"https:\/\/xn--nicols-tta.es\/temas_y_plugins\/nicopre\/producto\/relojes-inteligentes-para-publicidad\/","title":{"rendered":"Relojes inteligentes para publicidad"},"content":{"rendered":"<h1 class=\"elementor-heading-title elementor-size-default none\">Relojes inteligentes para publicidad<\/h1>\n<p style=\"text-align: left;\">Los\u00a0<strong>relojes inteligentes promocionales<\/strong>\u00a0son regalos que se han puesto muy de moda. Muchas personas usamos estos tipos de\u00a0<strong>relojes inteligentes para publicidad<\/strong>\u00a0por todas las prestaciones que tienen. Las\u00a0<strong>pulseras inteligentes promocionales<\/strong>\u00a0tienen multifunci\u00f3nes de dise\u00f1o deportivo, conexi\u00f3n Bluetooth\u00ae y son recargables mediante cable USB. Los\u00a0<strong>relojes inteligentes deportivos<\/strong>\u00a0son perfectos para todo tipo de actividades relacionadas con el deporte y tambi\u00e9n para el ocio. Las APP est\u00e1n disponibles para iOS y Android, de esta forma cualquier usuario puede utilizar los\u00a0<strong>relojes inteligentes publicitarios.\u00a0<\/strong>Disponemos de modelos modernos, con diferentes colores para que puedan encajar con tus colores corporativos. Las\u00a0<strong>pulseras smartband inteligentes<\/strong>\u00a0son regalos promocionales originales y pr\u00e1cticos.<\/p>\n<p><img fetchpriority=\"high\" decoding=\"async\" class=\"alignnone size-medium wp-image-12501\" src=\"https:\/\/xn--nicols-tta.es\/temas_y_plugins\/nicopre\/\/wp-content\/uploads\/2023\/10\/relojes-para-publicidad-300x300.webp\" alt=\"\" width=\"300\" height=\"300\" srcset=\"https:\/\/xn--nicols-tta.es\/temas_y_plugins\/nicopre\/wp-content\/uploads\/2023\/10\/relojes-para-publicidad-300x300.webp 300w, https:\/\/xn--nicols-tta.es\/temas_y_plugins\/nicopre\/wp-content\/uploads\/2023\/10\/relojes-para-publicidad-150x150.webp 150w, https:\/\/xn--nicols-tta.es\/temas_y_plugins\/nicopre\/wp-content\/uploads\/2023\/10\/relojes-para-publicidad-100x100.webp 100w, https:\/\/xn--nicols-tta.es\/temas_y_plugins\/nicopre\/wp-content\/uploads\/2023\/10\/relojes-para-publicidad.webp 450w\" sizes=\"(max-width: 300px) 100vw, 300px\" \/><\/p>\n<p style=\"text-align: left;\">Descubre todas sus ventajas Reloj Inteligente con logo personalizado , asesoramiento profesional para tus regalos publicitarios. Reloj inteligente multifunci\u00f3n de dise\u00f1o casual, con conexi\u00f3n Bluetooth\u00ae. Elegante caja con correa en material TPU y pantalla LCD t\u00e1ctil integrada de 1,33 pulgadas, que lo convierten en el gadget perfecto para todo tipo de actividades deportivas, de ocio y para el d\u00eda a d\u00eda. Con funciones monitor de frecuencia card\u00edaca, presi\u00f3n arterial y ox\u00edgeno en sangre, monitor de sue\u00f1o, c\u00e1mara remota, alarma, antip\u00e9rdida y pod\u00f3metro. Resistente a salpicaduras de agua, con APP disponible para iOS y Android. Presentado en atractiva caja de dise\u00f1o. Disponible manual de instrucciones en espa\u00f1ol e ingl\u00e9s. Medidas: Largo 25 cm. Alto 3.6 cm. Ancho 1.3 cm.Di\u00e1metro 0 cm. Disponible en color BLANCO, NEGRO.<\/p>\n","protected":false},"excerpt":{"rendered":"<h1 class=\"elementor-heading-title elementor-size-default none\">Relojes inteligentes para publicidad<\/h1>\n<p style=\"text-align: left;\">Los\u00a0<strong>relojes inteligentes promocionales<\/strong>\u00a0son regalos que se han puesto muy de moda. Muchas personas usamos estos tipos de\u00a0<strong>relojes inteligentes para publicidad<\/strong>\u00a0por todas las prestaciones que tienen. Las\u00a0<strong>pulseras inteligentes promocionales<\/strong>\u00a0tienen multifunci\u00f3nes de dise\u00f1o deportivo, conexi\u00f3n Bluetooth\u00ae y son recargables mediante cable USB. Los\u00a0<strong>relojes inteligentes deportivos<\/strong>\u00a0son perfectos para todo tipo de actividades relacionadas con el deporte y tambi\u00e9n para el ocio. Las APP est\u00e1n disponibles para iOS y Android, de esta forma cualquier usuario puede utilizar los\u00a0<strong>relojes inteligentes publicitarios.\u00a0<\/strong>Disponemos de modelos modernos, con diferentes colores para que puedan encajar con tus colores corporativos. Las\u00a0<strong>pulseras smartband inteligentes<\/strong>\u00a0son regalos promocionales originales y pr\u00e1cticos.<\/p>\n<p><img fetchpriority=\"high\" decoding=\"async\" class=\"alignnone size-medium wp-image-12501\" src=\"https:\/\/xn--nicols-tta.es\/temas_y_plugins\/nicopre\/\/wp-content\/uploads\/2023\/10\/relojes-para-publicidad-300x300.webp\" alt=\"\" width=\"300\" height=\"300\" srcset=\"https:\/\/xn--nicols-tta.es\/temas_y_plugins\/nicopre\/wp-content\/uploads\/2023\/10\/relojes-para-publicidad-300x300.webp 300w, https:\/\/xn--nicols-tta.es\/temas_y_plugins\/nicopre\/wp-content\/uploads\/2023\/10\/relojes-para-publicidad-150x150.webp 150w, https:\/\/xn--nicols-tta.es\/temas_y_plugins\/nicopre\/wp-content\/uploads\/2023\/10\/relojes-para-publicidad-100x100.webp 100w, https:\/\/xn--nicols-tta.es\/temas_y_plugins\/nicopre\/wp-content\/uploads\/2023\/10\/relojes-para-publicidad.webp 450w\" sizes=\"(max-width: 300px) 100vw, 300px\" \/><\/p>\n","protected":false},"featured_media":12501,"comment_status":"open","ping_status":"closed","template":"","meta":[],"product_brand":[],"product_cat":[167,168],"product_tag":[],"class_list":{"0":"post-12500","1":"product","2":"type-product","3":"status-publish","4":"has-post-thumbnail","6":"product_cat-regalos-de-empresa","7":"product_cat-tecnologia","9":"first","10":"instock","11":"sale","12":"shipping-taxable","13":"product-type-external"},"_links":{"self":[{"href":"https:\/\/xn--nicols-tta.es\/temas_y_plugins\/nicopre\/wp-json\/wp\/v2\/product\/12500","targetHints":{"allow":["GET"]}}],"collection":[{"href":"https:\/\/xn--nicols-tta.es\/temas_y_plugins\/nicopre\/wp-json\/wp\/v2\/product"}],"about":[{"href":"https:\/\/xn--nicols-tta.es\/temas_y_plugins\/nicopre\/wp-json\/wp\/v2\/types\/product"}],"replies":[{"embeddable":true,"href":"https:\/\/xn--nicols-tta.es\/temas_y_plugins\/nicopre\/wp-json\/wp\/v2\/comments?post=12500"}],"wp:featuredmedia":[{"embeddable":true,"href":"https:\/\/xn--nicols-tta.es\/temas_y_plugins\/nicopre\/wp-json\/wp\/v2\/media\/12501"}],"wp:attachment":[{"href":"https:\/\/xn--nicols-tta.es\/temas_y_plugins\/nicopre\/wp-json\/wp\/v2\/media?parent=12500"}],"wp:term":[{"taxonomy":"product_brand","embeddable":true,"href":"https:\/\/xn--nicols-tta.es\/temas_y_plugins\/nicopre\/wp-json\/wp\/v2\/product_brand?post=12500"},{"taxonomy":"product_cat","embeddable":true,"href":"https:\/\/xn--nicols-tta.es\/temas_y_plugins\/nicopre\/wp-json\/wp\/v2\/product_cat?post=12500"},{"taxonomy":"product_tag","embeddable":true,"href":"https:\/\/xn--nicols-tta.es\/temas_y_plugins\/nicopre\/wp-json\/wp\/v2\/product_tag?post=12500"}],"curies":[{"name":"wp","href":"https:\/\/api.w.org\/{rel}","templated":true}]}}