{"id":12494,"date":"2023-10-12T23:43:27","date_gmt":"2023-10-12T21:43:27","guid":{"rendered":"https:\/\/xn--nicols-tta.es\/temas_y_plugins\/nicopre\/\/?post_type=product&#038;p=12494"},"modified":"2023-10-12T23:47:11","modified_gmt":"2023-10-12T21:47:11","slug":"gafas-realidad-virtual-personalizadas","status":"publish","type":"product","link":"https:\/\/xn--nicols-tta.es\/temas_y_plugins\/nicopre\/producto\/gafas-realidad-virtual-personalizadas\/","title":{"rendered":"Gafas realidad virtual personalizadas"},"content":{"rendered":"<h1 class=\"elementor-heading-title elementor-size-default none\">Gafas realidad virtual personalizadas<\/h1>\n<p style=\"text-align: left;\">En esta categor\u00eda encontrar\u00e1s variedad de modelos de\u00a0<strong>gafas de realidad virtual<\/strong>\u00a0<strong>promocionales.\u00a0<\/strong>Son perfectas para los regalos de empresa en sus campa\u00f1as publicitarias. Se pueden\u00a0 personalizar con el logotipo de tu empresa, para que sea conocida entre m\u00e1s p\u00fablico. Las<strong>\u00a0gafas de realidad virtual personalizadas<\/strong>\u00a0son adecuadas para realizar regalos para cualquier persona, sin diferenciar la edad ni ning\u00fan tipo de preferencia. Las\u00a0<strong>gafas baratas de realidad virtual<\/strong>\u00a0son regalos divertidos y originales para promocionar tu empresa. Tienen una superfie de marcaje muy amplia en la que puedes insertar el logotipo de tu empresa o el mensaje publicitario que quieras. Puedes solicitar m\u00e1s info y tu simulaci\u00f3n para ver como quedar\u00e1n. Las\u00a0<strong>gafas de realidad virtual<\/strong>\u00a0para publidad son regalos promocionales\u00a0 muy solicitados por todos, descubre todos los modelos que disponemos.<\/p>\n<p><img fetchpriority=\"high\" decoding=\"async\" class=\"alignnone size-medium wp-image-12495\" src=\"https:\/\/xn--nicols-tta.es\/temas_y_plugins\/nicopre\/\/wp-content\/uploads\/2023\/10\/gafas-personalizadas-realidad-virtual-300x300.webp\" alt=\"\" width=\"300\" height=\"300\" srcset=\"https:\/\/xn--nicols-tta.es\/temas_y_plugins\/nicopre\/wp-content\/uploads\/2023\/10\/gafas-personalizadas-realidad-virtual-300x300.webp 300w, https:\/\/xn--nicols-tta.es\/temas_y_plugins\/nicopre\/wp-content\/uploads\/2023\/10\/gafas-personalizadas-realidad-virtual-150x150.webp 150w, https:\/\/xn--nicols-tta.es\/temas_y_plugins\/nicopre\/wp-content\/uploads\/2023\/10\/gafas-personalizadas-realidad-virtual-100x100.webp 100w, https:\/\/xn--nicols-tta.es\/temas_y_plugins\/nicopre\/wp-content\/uploads\/2023\/10\/gafas-personalizadas-realidad-virtual.webp 450w\" sizes=\"(max-width: 300px) 100vw, 300px\" \/><\/p>\n<p>&nbsp;<\/p>\n","protected":false},"excerpt":{"rendered":"<h1 class=\"elementor-heading-title elementor-size-default none\">Gafas realidad virtual personalizadas<\/h1>\n<p style=\"text-align: left;\">En esta categor\u00eda encontrar\u00e1s variedad de modelos de\u00a0<strong>gafas de realidad virtual<\/strong>\u00a0<strong>promocionales.\u00a0<\/strong>Son perfectas para los regalos de empresa en sus campa\u00f1as publicitarias. Se pueden\u00a0 personalizar con el logotipo de tu empresa, para que sea conocida entre m\u00e1s p\u00fablico. Las<strong>\u00a0gafas de realidad virtual personalizadas<\/strong>\u00a0son adecuadas para realizar regalos para cualquier persona, sin diferenciar la edad ni ning\u00fan tipo de preferencia. Las\u00a0<strong>gafas baratas de realidad virtual<\/strong>\u00a0son regalos divertidos y originales para promocionar tu empresa. Tienen una superfie de marcaje muy amplia en la que puedes insertar el logotipo de tu empresa o el mensaje publicitario que quieras. Puedes solicitar m\u00e1s info y tu simulaci\u00f3n para ver como quedar\u00e1n. Las\u00a0<strong>gafas de realidad virtual<\/strong>\u00a0para publidad son regalos promocionales\u00a0 muy solicitados por todos, descubre todos los modelos que disponemos.<\/p>\n<p><img fetchpriority=\"high\" decoding=\"async\" class=\"alignnone size-medium wp-image-12495\" src=\"https:\/\/xn--nicols-tta.es\/temas_y_plugins\/nicopre\/\/wp-content\/uploads\/2023\/10\/gafas-personalizadas-realidad-virtual-300x300.webp\" alt=\"\" width=\"300\" height=\"300\" srcset=\"https:\/\/xn--nicols-tta.es\/temas_y_plugins\/nicopre\/wp-content\/uploads\/2023\/10\/gafas-personalizadas-realidad-virtual-300x300.webp 300w, https:\/\/xn--nicols-tta.es\/temas_y_plugins\/nicopre\/wp-content\/uploads\/2023\/10\/gafas-personalizadas-realidad-virtual-150x150.webp 150w, https:\/\/xn--nicols-tta.es\/temas_y_plugins\/nicopre\/wp-content\/uploads\/2023\/10\/gafas-personalizadas-realidad-virtual-100x100.webp 100w, https:\/\/xn--nicols-tta.es\/temas_y_plugins\/nicopre\/wp-content\/uploads\/2023\/10\/gafas-personalizadas-realidad-virtual.webp 450w\" sizes=\"(max-width: 300px) 100vw, 300px\" \/><\/p>\n<p style=\"text-align: left;\">La mejor tienda online para comprar tu Gafas Realidad Virtual con personalizaci\u00f3n para eventos publicitarios con descuentos y personalizaci\u00f3n de la marca de tu empresa. Gafas de realidad virtual con bot\u00f3n interactivo y auriculares incluidos para una experiencia de realidad virtual completa. Indicadas para v\u00eddeos 3D y 360\u00ba, con lentes y bandeja ajustables para todo tipo de smartphones. Conexiones de entrada de audio jack de 3,5mm y c\u00f3modas cintas el\u00e1sticas ajustables para la cabeza con suave recubrimiento de polipiel alrededor de la zona de los ojos para mayor confort. Amplia superficie de marcaje frontal. Presentadas en atractiva caja de dise\u00f1o. Medidas: Largo 22 cm. Alto 12 cm. Ancho 19.5 cm. Disponible en color .<\/p>\n","protected":false},"featured_media":12495,"comment_status":"open","ping_status":"closed","template":"","meta":[],"product_brand":[],"product_cat":[167,168],"product_tag":[],"class_list":{"0":"post-12494","1":"product","2":"type-product","3":"status-publish","4":"has-post-thumbnail","6":"product_cat-regalos-de-empresa","7":"product_cat-tecnologia","9":"first","10":"instock","11":"sale","12":"shipping-taxable","13":"product-type-external"},"_links":{"self":[{"href":"https:\/\/xn--nicols-tta.es\/temas_y_plugins\/nicopre\/wp-json\/wp\/v2\/product\/12494","targetHints":{"allow":["GET"]}}],"collection":[{"href":"https:\/\/xn--nicols-tta.es\/temas_y_plugins\/nicopre\/wp-json\/wp\/v2\/product"}],"about":[{"href":"https:\/\/xn--nicols-tta.es\/temas_y_plugins\/nicopre\/wp-json\/wp\/v2\/types\/product"}],"replies":[{"embeddable":true,"href":"https:\/\/xn--nicols-tta.es\/temas_y_plugins\/nicopre\/wp-json\/wp\/v2\/comments?post=12494"}],"wp:featuredmedia":[{"embeddable":true,"href":"https:\/\/xn--nicols-tta.es\/temas_y_plugins\/nicopre\/wp-json\/wp\/v2\/media\/12495"}],"wp:attachment":[{"href":"https:\/\/xn--nicols-tta.es\/temas_y_plugins\/nicopre\/wp-json\/wp\/v2\/media?parent=12494"}],"wp:term":[{"taxonomy":"product_brand","embeddable":true,"href":"https:\/\/xn--nicols-tta.es\/temas_y_plugins\/nicopre\/wp-json\/wp\/v2\/product_brand?post=12494"},{"taxonomy":"product_cat","embeddable":true,"href":"https:\/\/xn--nicols-tta.es\/temas_y_plugins\/nicopre\/wp-json\/wp\/v2\/product_cat?post=12494"},{"taxonomy":"product_tag","embeddable":true,"href":"https:\/\/xn--nicols-tta.es\/temas_y_plugins\/nicopre\/wp-json\/wp\/v2\/product_tag?post=12494"}],"curies":[{"name":"wp","href":"https:\/\/api.w.org\/{rel}","templated":true}]}}